of 3986?
False
Is 426993655 a multiple of 43?
True
Does 76 divide 48417923?
False
Does 90 divide 127612703?
False
Is 12114487 a multiple of 7?
True
Is 144332413 a multiple of 5?
False
Is 1126 a factor of 402675616?
True
Is 91 a factor of 798383?
False
Is 1392717684 a multiple of 97?
False
Is 132941141 a multiple of 5675?
False
Does 150 divide 299734733?
False
Is 62470689 a multiple of 361?
True
Is 421203418 a multiple of 286?
False
Does 69 divide 4146417?
True
Is 9 a factor of 7801776?
True
Does 85 divide 13766480?
False
Does 1388 divide 37382607?
False
Is 138 a factor of 608259751?
False
Is 149942214 a multiple of 346?
True
Is 9863733 a multiple of 12?
False
Does 4 divide 44549987?
False
Is 3645688772 a multiple of 757?
False
Is 723497832 a multiple of 34?
True
Is 506 a factor of 423866902?
False
Is 11 a factor of 24678437?
False
Does 24 divide 47758344?
True
Does 20 divide 60112220?
True
Is 5 a factor of 160689006?
False
Is 23133661 a multiple of 577?
True
Is 210005664 a multiple of 1111?
True
Does 13 divide 101293062?
True
Does 1730 divide 145089910?
True
Is 1770583 a multiple of 392?
False
Does 1200 divide 3166020604?
False
Is 6934802 a multiple of 12?
False
Is 14 a factor of 122128088?
False
Does 1077 divide 159687813?
False
Is 395422481 a multiple of 353?
True
Does 10 divide 25996475?
False
Is 18 a factor of 23772078?
True
Does 2165 divide 1340194886?
False
Does 65 divide 179809175?
True
Is 4211487 a multiple of 351?
False
Is 3393 a factor of 31762998?
False
Is 358 a factor of 240069860?
False
Does 1472 divide 4425942?
False
Does 1270 divide 1155655439?
False
Is 689 a factor of 8119176?
True
Does 346 divide 45168224?
True
Is 141 a factor of 30670890?
False
Does 1314 divide 64789234?
False
Is 10688678 a multiple of 782?
False
Is 22148969 a multiple of 1446?
False
Is 1543578311 a multiple of 5?
False
Does 501 divide 4024310637?
False
Does 332 divide 1650580116?
False
Is 7533 a factor of 795959379?
True
Is 1761 a factor of 3206032575?
True
Does 1350 divide 1252219500?
True
Is 67665721 a multiple of 15?
False
Is 280 a factor of 120845200?
True
Is 743 a factor of 299526333?
True
Is 20303010 a multiple of 42?
True
Does 91 divide 145344246?
False
Does 15 divide 61266836?
False
Is 83763999 a multiple of 253?
True
Is 1809717426 a multiple of 33?
True
Is 720471450 a multiple of 25?
True
Is 35804700 a multiple of 596?
True
Is 1326730949 a multiple of 2649?
False
Is 7881 a factor of 755787900?
True
Is 51651895 a multiple of 2287?
True
Is 129 a factor of 14638502?
False
Does 425 divide 16654157?
False
Does 5 divide 15386440?
True
Does 354 divide 570983238?
True
Does 177 divide 2189958637?
False
Does 58 divide 14148462?
True
Is 5069327 even?
False
Is 12547207 a multiple of 141?
False
Does 3 divide 116253173?
False
Is 36 a factor of 38585489?
False
Does 16 divide 1078115744?
True
Does 59 divide 231390452?
False
Is 9934480 a multiple of 5?
True
Is 194916744 a multiple of 5016?
True
Is 492 a factor of 2651880?
True
Is 196 a factor of 2959073400?
False
Is 320 a factor of 39521435?
False
Is 910433208 a multiple of 22?
False
Is 87101988 a multiple of 1324?
True
Is 1158 a factor of 172603769?
False
Is 2 a factor of 196261903?
False
Is 6005452 a multiple of 2353?
False
Does 1231 divide 24092810?
False
Does 21 divide 17427417?
True
Is 1734826368 a multiple of 1754?
False
Does 4661 divide 90041580?
False
Is 5242012552 a multiple of 11942?
True
Is 111 a factor of 57744309?
True
Does 53 divide 45842335?
False
Is 110 a factor of 169666530?
True
Is 16 a factor of 57770432?
True
Is 56894089 a multiple of 7?
True
Is 473649072 a multiple of 52?
True
Does 9806 divide 2345197675?
False
Does 967 divide 306109254?
False
Is 1649394370 a multiple of 65?
True
Is 62925763 a multiple of 56?
False
Does 46 divide 2238233?
False
Is 12613552 a multiple of 7?
True
Is 1521762740 a multiple of 5?
True
Does 20 divide 3256180?
True
Is 772456120 a multiple of 8?
True
Does 11 divide 13295596?
False
Is 157 a factor of 1019661695?
False
Does 81 divide 2852393?
False
Is 954 a factor of 76929004?
False
Is 1440868128 a multiple of 41?
False
Does 5 divide 23736198?
False
Is 34776427 a multiple of 343?
True
Does 11 divide 319606292?
False
Is 25760514 a multiple of 4443?
True
Is 62461983 a multiple of 946?
False
Does 26 divide 17816342?
False
Is 1712192400 a multiple of 10200?
True
Is 988 a factor of 71550588?
False
Is 42579771 a multiple of 31?
True
Is 3806348 a multiple of 11?
False
Is 776107362 a multiple of 492?
False
Is 389774982 a multiple of 28?
False
Is 14496655 a multiple of 1591?
False
Is 64465269 a multiple of 610?
False
Is 1191343390 a multiple of 4056?
False
Is 153373980 a multiple of 449?
False
Is 1891654191 a multiple of 23?
False
Is 11 a factor of 114620?
True
Does 3 divide 464786?
False
Is 172216668 a multiple of 3?
True
Does 621 divide 208822428?
True
Does 40 divide 337102953?
False
Does 52 divide 136264647?
False
Is 431 a factor of 119624050?
True
Is 15759960 a multiple of 610?
True
Does 2926 divide 6156304?
True
Is 141101667 a multiple of 63?
True
Does 14 divide 789706148?
True
Is 5 a factor of 396335381?
False
Does 3264 divide 78643413?
False
Is 64 a factor of 44505088?
True
Is 6 a factor of 2202835559?
False
Is 113453203 a multiple of 77?
False
Is 1244 a factor of 32804280?
True
Is 462697169 a multiple of 71?
False
Is 255007800 a multiple of 12?
True
Is 1651 a factor of 2387266752?
True
Is 12 a factor of 962685663?
False
Does 2090 divide 608517491?
False
Is 17 a factor of 65758448?
True
Does 29 divide 82812835?
True
Does 7 divide 291410641?
False
Is 456004371 a multiple of 69?
True
Is 30181757 a multiple of 216?
False
Does 21 divide 1642747954?
False
Is 4242 a factor of 5151756288?
True
Is 1670 a factor of 8840858?
False
Is 63097701 a multiple of 30?
False
Does 473 divide 100852587?
True
Is 170252329 a multiple of 3487?
False
Is 101129616 a multiple of 12?
True
Is 114215482 a multiple of 883?
False
Does 12 divide 1977491135?
False
Does 221 divide 29861299?
True
Does 839 divide 75617392?
True
Is 5651 a factor of 173259660?
True
Is 37713102 a multiple of 116?
False
Is 84820564 a multiple of 10?
False
Is 123324 a multiple of 86?
True
Is 113 a factor of 12377249?
False
Is 816 a factor of 265067808?
True
Is 137534507 a multiple of 6?
False
Does 1446 divide 85776720?
True
Is 27 a factor of 182487308?
False
Is 149 a factor of 1415717382?
False
Is 12 a factor of 18418320?
True
Is 90852940 a multiple of 29?
True
Does 783 divide 775983318?
False
Does 3161 divide 1449795811?
True
Does 680 divide 262430582?
False
Is 5844 a factor of 1569505615?
False
Is 3439380 a multiple of 665?
True
Is 90 a factor of 44315328?
False
Does 7897 divide 630806865?
False
Is 62 a factor of 834438715?
False
Is 7867584 a multiple of 576?
True
Is 100 a factor of 428827862?
False
Does 136 divide 431219824?
True
Is 5687853873 a multiple of 2399?
True
Is 800513 a multiple of 5?
False
Is 660664 a multiple of 1076?
True
Is 8693 a factor of 1319858018?
False
Does 11 divide 1908662548?
False
Does 1607 divide 62624071?
False
Does 173 divide 327301413?
False
Is 120938041 a multiple of 1276?
False
Is 13 a factor of 1111436560?
True
Is 955 a factor of 140003955?
True
Is 21104624 a multiple of 262?
True
Is 7733657 a multiple of 39?
False
Is 2188 a factor of 278217328?
True
Does 116 divide 609348906?
False
Is 50329768 a multiple of 1544?
True
Is 17678380 a multiple of 20?
True
Is 79 a factor of 45614378?
False
Is 297 a factor of 499305411?
True
Is 487751220 a multiple of 1111?
True
Does 6692 divide 975263866?
False
Is 24634698 a multiple of 49?
False
Is 16170157 a multiple of 73?
True
Does 81 divide 11003364?
True
Is 5321109 a multiple of 2000?
False
Is 1844392500 a multiple of 150?
True
Is 158663300 a multiple of 95?
True
Is 271 a factor of 440941855?
False
Is 421626979 a multiple of 1188?
False
Does 2996 divide 106503588?
False
Is 91856880 a multiple of 24?
True
Is 6822765 a multiple of 45?
True
Does 602 divide 73737185?
False
Does 499 divide 22634141?
True
Does 214 divide 23543638?
True
Is 267084592 a multiple of 248?
True
Is 53020525 a multiple of 563?
True
Is 43 a factor of 1015211940?
True
Is 13 a factor of 54401254?
False
Is 48369247 a multiple of 3?
False
Is 1972 a factor of 3672209738?
False
Is 274 a factor 